{"id":47,"date":"2010-05-17T04:15:26","date_gmt":"2010-05-17T04:15:26","guid":{"rendered":"http:\/\/www.sociedadcirugiaplasticaperu.com\/rinoplastia\/?page_id=47"},"modified":"2010-11-28T16:58:22","modified_gmt":"2010-11-28T16:58:22","slug":"antes-y-despues-de-una-rinoplastia","status":"publish","type":"page","link":"https:\/\/www.sociedadcirugiaplasticaperu.com\/rinoplastia\/antes-y-despues-de-una-rinoplastia.htm","title":{"rendered":"Antes y Despu\u00e9s de una Rinoplastia"},"content":{"rendered":"<p><\/p>\n<h2>Antes: Preparaci\u00f3n para la Rinoplastia<\/h2>\n<p>El cirujano probablemente le dar\u00e1 una lista de instrucciones antes de someterse a una <a href=\"http:\/\/www.sociedadcirugiaplasticaperu.com\/rinoplastia\/\">rinoplastia<\/a>. En general, no se debe comer o beber despu\u00e9s de la medianoche la noche anterior a la cirug\u00eda.<\/p>\n<p>Es importante dejar de fumar antes de la rinoplastia. Adem\u00e1s de todos los efectos negativos a su salud asociados con el h\u00e1bito de fumar. El fumar compromete severamente el flujo sangu\u00edneo a la piel. Esto significa que hay menos ox\u00edgeno para ayudar en la cicatrizaci\u00f3n de heridas, y pueden producir necrosis (muerte) de la piel. El consumo de alcohol no es aconsejable durante la semana previa a la rinoplastia, el alcohol tambi\u00e9n puede perjudicar el proceso de cicatrizaci\u00f3n.<\/p>\n<p>Su cirujano tambi\u00e9n podr\u00e1 aconsejarle que deje de tomar ciertos medicamentos en los d\u00edas o semanas antes de la rinoplastia. Por ejemplo, medicamentos anti-inflamatorios sin esteroides, como el ibuprofeno puede aumentar el riesgo de sangrado. Incluso elementos considerados naturales como ciertas vitaminas y preparaciones de hierbas tales como la vitamina E, gingko biloba, \u00e1cidos grasos omega-3 y el t\u00e9 verde pueden aumentar riesgo de sangrado. Se debe avisar al cirujano acerca de todo lo que est\u00e1s tomando, incluso si parece inofensivo. Nunca dejar de tomar cualquier medicamento sin primero hablar con su m\u00e9dico.<\/p>\n<p>Algunos cirujanos pueden prescribir tratamientos homeop\u00e1ticos antes su rinoplastia, por ejemplo hierbas que pueden minimizar moretones. Adem\u00e1s, mega-dosis de vitamina C pueden ayudar tambi\u00e9n a la coagulaci\u00f3n y cicatrizaci\u00f3n de heridas. Algunos cirujanos tambi\u00e9n prescriben esteroides antes una rinoplastia para disminuir la hinchaz\u00f3n inicial. Estas recomendaciones var\u00edan seg\u00fan el cirujano.<\/p>\n<h2>Despu\u00e9s: Recuperaci\u00f3n de la Rinoplastia<\/h2>\n<p>Probablemente este excitado y un poco ansioso por ver su nueva nariz, pero la paciencia es clave despu\u00e9s de una rinoplastia. Los resultados completos no son inmediatos y pueden tomar hasta un a\u00f1o para ser totalmente evidente.<\/p>\n<p>Usted ser\u00e1 incapaz de respirar a trav\u00e9s de la nariz durante las primeras 24 horas, debido a que sus fosas nasales estar\u00e1n tapadas. La nariz es rellenada para ayudar a reducir la inflamaci\u00f3n y sangrado. Habr\u00e1 algo de dolor que ser\u00e1 controlado con analg\u00e9sicos. La mayor\u00eda de personas que se someten a una rinoplastia puede dejar de usar analg\u00e9sicos despu\u00e9s de 48 horas. Algunas personas sienten nauseas despu\u00e9s de la cirug\u00eda, esa sensaci\u00f3n es normal y se ir\u00e1 despu\u00e9s de unas horas.<\/p>\n<p>Puede experimentar un poco de sangrado durante los primeros d\u00edas. El cirujano tambi\u00e9n puede decirle que aplique compresas fr\u00edas a la nariz para reducir la hinchaz\u00f3n y elevar la cabeza durante las primeras 24 horas. Es importante evitar cualquier golpe a la nariz durante la primera semana despu\u00e9s de la cirug\u00eda. No est\u00e1 permitido soplarse la nariz despu\u00e9s de una rinoplastia. Esto puede ser dif\u00edcil ya que puede tener una sensaci\u00f3n de congesti\u00f3n. Tomar descongestionantes puede ayudar.<\/p>\n<p>El cirujano le pedir\u00e1 que vuelva algunos d\u00edas despu\u00e9s de la rinoplastia para que retire los puntos de sutura. Aproximadamente, despu\u00e9s de una semana se quitar\u00e1 el yeso. La nariz todav\u00eda va a estar hinchada, pero despu\u00e9s de dos semanas gran parte de la inflamaci\u00f3n habr\u00e1 disminuido. En ese momento, se debe retirar todo lo que est\u00e1 en la nariz. Una f\u00e9rula se puede colocar sobre la parte externa de la nariz para protegerla, as\u00ed como ayudarle a mantener la nueva forma durante el proceso de cicatrizaci\u00f3n. El cirujano tambi\u00e9n puede colocar una f\u00e9rula m\u00e1s suave dentro de la nariz para prevenir la cicatrizaci\u00f3n dentro de su nariz.<\/p>\n<p>Despu\u00e9s de un mes, el 85 por ciento de la inflamaci\u00f3n se habr\u00e1 ido. La inflamaci\u00f3n restante puede tomar hasta un a\u00f1o. Por estas razones, debe esperar al menos un a\u00f1o antes de someterse a la revisi\u00f3n de la rinoplastia.<\/p>\n","protected":false},"excerpt":{"rendered":"<p>Antes: Preparaci\u00f3n para la Rinoplastia El cirujano probablemente le dar\u00e1 una lista de instrucciones antes de someterse a una rinoplastia. En general, no se debe comer o beber despu\u00e9s de la medianoche la noche anterior a la cirug\u00eda. Es importante&hellip;<\/p>\n<p class=\"more-link-p\"><a class=\"more-link\" href=\"https:\/\/www.sociedadcirugiaplasticaperu.com\/rinoplastia\/antes-y-despues-de-una-rinoplastia.htm\">Read more &rarr;<\/a><\/p>\n","protected":false},"author":2,"featured_media":0,"parent":0,"menu_order":5,"comment_status":"closed","ping_status":"open","template":"","meta":{"footnotes":""},"class_list":["post-47","page","type-page","status-publish","hentry"],"_links":{"self":[{"href":"https:\/\/www.sociedadcirugiaplasticaperu.com\/rinoplastia\/wp-json\/wp\/v2\/pages\/47","targetHints":{"allow":["GET"]}}],"collection":[{"href":"https:\/\/www.sociedadcirugiaplasticaperu.com\/rinoplastia\/wp-json\/wp\/v2\/pages"}],"about":[{"href":"https:\/\/www.sociedadcirugiaplasticaperu.com\/rinoplastia\/wp-json\/wp\/v2\/types\/page"}],"author":[{"embeddable":true,"href":"https:\/\/www.sociedadcirugiaplasticaperu.com\/rinoplastia\/wp-json\/wp\/v2\/users\/2"}],"replies":[{"embeddable":true,"href":"https:\/\/www.sociedadcirugiaplasticaperu.com\/rinoplastia\/wp-json\/wp\/v2\/comments?post=47"}],"version-history":[{"count":4,"href":"https:\/\/www.sociedadcirugiaplasticaperu.com\/rinoplastia\/wp-json\/wp\/v2\/pages\/47\/revisions"}],"predecessor-version":[{"id":109,"href":"https:\/\/www.sociedadcirugiaplasticaperu.com\/rinoplastia\/wp-json\/wp\/v2\/pages\/47\/revisions\/109"}],"wp:attachment":[{"href":"https:\/\/www.sociedadcirugiaplasticaperu.com\/rinoplastia\/wp-json\/wp\/v2\/media?parent=47"}],"curies":[{"name":"wp","href":"https:\/\/api.w.org\/{rel}","templated":true}]}}