{"id":29,"date":"2010-05-17T00:05:49","date_gmt":"2010-05-17T00:05:49","guid":{"rendered":"http:\/\/www.sociedadcirugiaplasticaperu.com\/rinoplastia\/?page_id=29"},"modified":"2010-11-28T16:55:35","modified_gmt":"2010-11-28T16:55:35","slug":"introduccion","status":"publish","type":"page","link":"https:\/\/www.sociedadcirugiaplasticaperu.com\/rinoplastia\/introduccion.htm","title":{"rendered":"Qu\u00e9 es la Rinoplastia"},"content":{"rendered":"<p>Tal vez usted ha sido infeliz con su nariz durante mucho tiempo, o quiz\u00e1s est\u00e1 teniendo dificultad para respirar; de cualquier manera, una <a href=\"http:\/\/www.sociedadcirugiaplasticaperu.com\/rinoplastia\/\">rinoplastia<\/a> o cirug\u00eda de  nariz puede ser una opci\u00f3n para usted.<\/p>\n<p>Una rinoplastia puede cambiar muchas cosas sobre su nariz incluyendo: el tama\u00f1o de su nariz (en relaci\u00f3n con su cara), el ancho de su nariz, el tama\u00f1o y la posici\u00f3n de las fosas nasales y el perfil de su nariz (reduciendo visibles jorobas, protuberancias o depresiones). Algunos cirujanos pl\u00e1sticos se especializan en rinoplastia \u00e9tnica (quiere decir rinoplastias especializadas en narices de razas especificas), una gran opci\u00f3n para las personas de diferentes etnias que est\u00e1n buscando un cambio sutil en su nariz.<\/p>\n<p>Una rinoplastia tambi\u00e9n puede cambiar la forma de la punta nasal, mejorar la apariencia de fosas nasales grandes o amplias y corregir alguna asimetr\u00eda nasal. Desde un punto de vista funcional, una rinoplastia puede corregir ciertas dificultades para respirar, como las ocasionadas por un tabique desviado. La rinoplastia es tambi\u00e9n una opci\u00f3n para ciertos defectos de nacimiento o narices que han resultado heridos en alg\u00fan accidente de auto o deportes<\/p>\n<h2>\u00bfQu\u00e9 es la Rinoplastia?<\/h2>\n<p>Una rinoplastia o cirug\u00eda de nariz es un procedimiento quir\u00fargico dise\u00f1ado para cambiar la forma de la nariz. Se puede hacer para corregir una deformidad estructural (como una protuberancia o gancho), proporcionar sutiles cambios en tama\u00f1o y la forma de la nariz para mejorar su apariencia o para corregir un problema funcional (tales como dificultad respiratoria debido a un tabique desviado).<\/p>\n<p>El tabique es la pared entre las fosas dos nasales. Compuesto de cart\u00edlago y hueso, divide la cavidad nasal en mitades. El tabique nasal ideal es recto, separando el lado izquierdo y derecho de la nariz en pasillos de igual tama\u00f1o. En contraste, un tabique desviado se produce cuando el tabique es severamente desviado de la l\u00ednea media. En casos severos, un tabique puede causar dificultad para respirar.<\/p>\n<h2>Tipos de Rinoplastia<\/h2>\n<p>Se denomina rinoplastia primaria a la cirug\u00eda pl\u00e1stica que permite remodelar y mejorar la funcionalidad de la nariz. Hay dos tipos de rinoplastia primaria, est\u00e1n son &#8220;abierta&#8221; y &#8220;cerrada&#8221;<\/p>\n<ul>\n<li><strong>Rinoplastia Abierta:<\/strong> Este tipo de rinoplastia o cirug\u00eda de nariz se da para cambios grandes. Las incisiones se realizan en la franja vertical de la piel separando las fosas nasales. Esto se llama la Columela. La piel y tejidos blandos son levantados fuera de las estructuras subyacentes de la nariz para que el cirujano pueda ver la anatom\u00eda nasal y trabajar en esta con mayor comodidad.<\/li>\n<p><\/p>\n<li><strong>Rinoplastia Cerrada:<\/strong> Este tipo de cirug\u00eda se realiza en cambios menores. Muchos cirujanos hacen incisiones dentro de la nariz. La piel de la nariz, a continuaci\u00f3n, se separa del hueso y del cart\u00edlago, que forman su marco de apoyo. Una vez expuestos, hueso y cart\u00edlago pueden ser retirados, remodelados, aumentados o reorganizados para conseguir la forma deseada.<\/li>\n<p><\/p>\n<li><strong>Rinoplastia Secundaria:<\/strong> Tambi\u00e9n llamado rinoplastia de revisi\u00f3n. Esta se realiza para corregir los problemas que persisten o desarrollan despu\u00e9s una rinoplastia anterior. A pesar de que los problemas son menores y pueden ser f\u00e1cilmente corregidos, algunas veces los problemas pueden ser importantes, lo que hace la rinoplastia secundaria m\u00e1s dif\u00edcil. La rinoplastia secundaria tambi\u00e9n puede hacerse como un procedimiento abierto o cerrado.<\/li>\n<p><\/p>\n<li><strong>Rinoplastia de Relleno:<\/strong> Esto implica el uso de inyectables para rellenar depresiones, suavizar los \u00e1ngulos afilados o cambiar el \u00e1ngulo de la punta de la nariz, logrando restaurar la simetr\u00eda y haciendo que la nariz se vea m\u00e1s peque\u00f1a y atractiva. En lugar de eliminar una protuberancia, un cirujano utilizar\u00eda un relleno para nivelar la nariz. Los resultados no son permanentes.<\/li>\n<\/ul>\n<h2>\u00bfEres un buen candidato para una rinoplastia?<\/h2>\n<p>La Rinoplastia o Cirug\u00eda de la nariz es uno de los procedimientos cosm\u00e9ticos quir\u00fargicos m\u00e1s populares. Si no est\u00e1s a gusto con la forma de tu nariz, puede ser un buen candidato. La rinoplastia cambia la forma de la nariz con fines est\u00e9ticos y correctivo. Si el problema es un defecto de nacimiento, lesi\u00f3n o cambios relacionados con la edad, la rinoplastia puede ayudar a proporcionar el equilibrio y la proporci\u00f3n de la nariz con relaci\u00f3n a la cara.<\/p>\n<h2>Riesgos de una Rinoplastia<\/h2>\n<p>Como en todo procedimiento quir\u00fargico, la rinoplastia tiene riesgos. Es importante conocer estos antes de tomar la decisi\u00f3n de someterse a una rinoplastia. Entre los riesgos est\u00e1n:<\/p>\n<ul>\n<li>Infecci\u00f3n\n<li>Sangrado<\/li>\n<li>Problemas respiratorios (obstrucci\u00f3n nasal)<\/li>\n<li>Disconformidad con los resultados est\u00e9ticos<\/li>\n<li>Retoques adicionales<\/li>\n<li>Perforaci\u00f3n del tabique. Eso sucede cuando se perfora el tabique generando un hueco, esto cause turbulencia cuando el aire fluye, originando un silbido cada vez que la persona habla o canta.<\/li>\n<li>Complicaciones con la anestesia<\/li>\n<li>Muerte<\/li>\n<\/ul>\n<h2>Consultar con un Cirujano Plastico Calificado<\/h2>\n<p>La rinoplastia en Peru como en cualquier parte, requiere la pericia de un cirujano con experiencia y acreditaciones. La cirug\u00eda pl\u00e1stica es un procedimiento costoso, ya que la mayor\u00eda de los procedimientos no est\u00e1n cubiertos por el seguro m\u00e9dico. Por lo tanto, uno quisiera tener la confianza que los resultados sean positivos y que estos duraran de por vida.<\/p>\n<p>Si la rinoplastia o cirugia de nariz se hace correctamente puede tener un efecto profundo en la autoestima. Para asegurar los mejores resultados, aseg\u00farese de consultar con un cirujano plastico altamente calificado y de confianza.<\/p>\n","protected":false},"excerpt":{"rendered":"<p>Tal vez usted ha sido infeliz con su nariz durante mucho tiempo, o quiz\u00e1s est\u00e1 teniendo dificultad para respirar; de cualquier manera, una rinoplastia o cirug\u00eda de nariz puede ser una opci\u00f3n para usted. Una rinoplastia puede cambiar muchas cosas&hellip;<\/p>\n<p class=\"more-link-p\"><a class=\"more-link\" href=\"https:\/\/www.sociedadcirugiaplasticaperu.com\/rinoplastia\/introduccion.htm\">Read more &rarr;<\/a><\/p>\n","protected":false},"author":2,"featured_media":0,"parent":0,"menu_order":2,"comment_status":"closed","ping_status":"open","template":"","meta":{"footnotes":""},"class_list":["post-29","page","type-page","status-publish","hentry"],"_links":{"self":[{"href":"https:\/\/www.sociedadcirugiaplasticaperu.com\/rinoplastia\/wp-json\/wp\/v2\/pages\/29","targetHints":{"allow":["GET"]}}],"collection":[{"href":"https:\/\/www.sociedadcirugiaplasticaperu.com\/rinoplastia\/wp-json\/wp\/v2\/pages"}],"about":[{"href":"https:\/\/www.sociedadcirugiaplasticaperu.com\/rinoplastia\/wp-json\/wp\/v2\/types\/page"}],"author":[{"embeddable":true,"href":"https:\/\/www.sociedadcirugiaplasticaperu.com\/rinoplastia\/wp-json\/wp\/v2\/users\/2"}],"replies":[{"embeddable":true,"href":"https:\/\/www.sociedadcirugiaplasticaperu.com\/rinoplastia\/wp-json\/wp\/v2\/comments?post=29"}],"version-history":[{"count":8,"href":"https:\/\/www.sociedadcirugiaplasticaperu.com\/rinoplastia\/wp-json\/wp\/v2\/pages\/29\/revisions"}],"predecessor-version":[{"id":105,"href":"https:\/\/www.sociedadcirugiaplasticaperu.com\/rinoplastia\/wp-json\/wp\/v2\/pages\/29\/revisions\/105"}],"wp:attachment":[{"href":"https:\/\/www.sociedadcirugiaplasticaperu.com\/rinoplastia\/wp-json\/wp\/v2\/media?parent=29"}],"curies":[{"name":"wp","href":"https:\/\/api.w.org\/{rel}","templated":true}]}}