{"id":152,"date":"2010-11-08T01:04:07","date_gmt":"2010-11-08T01:04:07","guid":{"rendered":"http:\/\/www.sociedadcirugiaplasticaperu.com\/estetica\/?page_id=152"},"modified":"2010-11-28T17:01:19","modified_gmt":"2010-11-28T17:01:19","slug":"diferencia-entre-un-cirujano-estetico-y-un-cirujano-plastico","status":"publish","type":"page","link":"https:\/\/www.sociedadcirugiaplasticaperu.com\/estetica\/diferencia-entre-un-cirujano-estetico-y-un-cirujano-plastico.htm","title":{"rendered":"Diferencia entre un Cirujano Estetico y un Cirujano Plastico"},"content":{"rendered":"<p>Hay muchas personas que piensan que <a href=\"http:\/\/www.sociedadcirugiaplasticaperu.com\/\">cirujano plastico en Peru<\/a> y cirujano cosmetico significan los mismo, lo cual no es cierto. De hecho existen importantes diferencias de concepto que es importante comprender a fondo antes de decidir a qui\u00e9n usted dejara que le realice la cirugia plastica que siempre ha deseado.<\/p>\n<p>Un cirujano que puede llamarse cirujano plastico, es aquel que ha tenido entrenamiento en cirugia general o se ha graduado como medico cirujano. Luego ha elegido la cirugia plastica como especialidad, y debido a esto ha realizado estudios complementarios y ha obtenido experiencia en ese campo.  Normalmente llevan estudios de especializaci\u00f3n en diferentes pa\u00edses y tambi\u00e9n por tratamiento especifico. Los cirujanos plasticos en Peru est\u00e1n capacitados para llevar a cabo tanto cirugia reconstructiva como tambi\u00e9n cirugia estetica.<\/p>\n<p>La cirugia plastica tiene sus inicios formales como \u00e1rea de especializaci\u00f3n quir\u00fargica en los a\u00f1os 30, cuando se form\u00f3 la Junta Americana de cirugia plastica en USA. El rol de esta organizaci\u00f3n es la evaluaci\u00f3n de los cirujanos pl\u00e1sticos y garanticen los niveles de formaci\u00f3n y cuidado de los pacientes se cumplan.<\/p>\n<p>Esta organizaci\u00f3n sent\u00f3 las bases para los requisitos y las bases para que los cirujanos puedan ser certificados como cirujanos plasticos. Un cirujano plastico debe tener el grado de medico cirujano de una universidad acreditada. Varios a\u00f1os de pr\u00e1cticas quir\u00fargicas y dedicadas a la cirug\u00eda pl\u00e1stica.<\/p>\n<p>A diferencia de un cirujano plastico, un cirujano cosm\u00e9tico es aquel que lleva a cabo procedimientos para cambiar la forma que el paciente desee. No existen requisitos o normas que deban cumplir m\u00e1s que tengan el t\u00edtulo de m\u00e9dico cirujano. Es debido a esto que ginec\u00f3logos, dermat\u00f3logos y otros m\u00e9dicos pueden a\u00f1adir procedimientos est\u00e9ticos en su lista de procedimientos y, a menudo lo hacen. <\/p>\n<p>La cirugia estetica debe verse como una parte de la cirugia plastica. Es debido a esto que los cirujanos plasticas realizan tanto una cirugia reconstructiva como una <a href=\"http:\/\/www.sociedadcirugiaplasticaperu.com\/\">cirugia cosmetica estetica en Peru<\/a>. Tambi\u00e9n algunos cirujanos realizan s\u00f3lo la cirug\u00eda est\u00e9tica, y puede referirse a s\u00ed mismos como cirujanos est\u00e9ticos o cirujanos cosmeticos. Pero para no confundir al paciente, un m\u00e9dico que se dedica a realizar la cirugias esteticas no deber\u00eda referirse a s\u00ed mismo como un cirujano plastico, por que no han tenido el entrenamiento que estos  tienen.<\/p>\n<p>No importa si usted o importa si usted est\u00e1 pensando en la reconstrucci\u00f3n del seno despu\u00e9s de una mastectom\u00eda por motivo de c\u00e1ncer o accidente, o ponerse un implante de seno. No importa si usted est\u00e1 pensando en corregir una deformidad en el rostro o hacer retroceder el reloj con un estiramiento facial. Usted tiene el derecho a trabajar con un profesional que tenga la mayor capacitaci\u00f3n y experiencia. No hay garant\u00eda cuando se trata de una cirugia plastica, pero la elecci\u00f3n de un cirujano plastico que este certificado por una instituci\u00f3n o por las asociaciones y sociedad m\u00e9dicas correspondientes, le brindara una mayor confianza al momento de realizarse una cirugia plastica.<\/p>\n","protected":false},"excerpt":{"rendered":"<p>Hay muchas personas que piensan que cirujano plastico en Peru y cirujano cosmetico significan los mismo, lo cual no es cierto. De hecho existen importantes diferencias de concepto que es importante comprender a fondo antes de decidir a qui\u00e9n usted dejara que le realice la cirugia plastica que siempre ha deseado. Un cirujano que puede [&hellip;]<\/p>\n","protected":false},"author":3,"featured_media":0,"parent":0,"menu_order":0,"comment_status":"closed","ping_status":"open","template":"","meta":{"tdm_status":"","tdm_grid_status":"","footnotes":""},"class_list":["post-152","page","type-page","status-publish"],"_links":{"self":[{"href":"https:\/\/www.sociedadcirugiaplasticaperu.com\/estetica\/wp-json\/wp\/v2\/pages\/152","targetHints":{"allow":["GET"]}}],"collection":[{"href":"https:\/\/www.sociedadcirugiaplasticaperu.com\/estetica\/wp-json\/wp\/v2\/pages"}],"about":[{"href":"https:\/\/www.sociedadcirugiaplasticaperu.com\/estetica\/wp-json\/wp\/v2\/types\/page"}],"author":[{"embeddable":true,"href":"https:\/\/www.sociedadcirugiaplasticaperu.com\/estetica\/wp-json\/wp\/v2\/users\/3"}],"replies":[{"embeddable":true,"href":"https:\/\/www.sociedadcirugiaplasticaperu.com\/estetica\/wp-json\/wp\/v2\/comments?post=152"}],"version-history":[{"count":3,"href":"https:\/\/www.sociedadcirugiaplasticaperu.com\/estetica\/wp-json\/wp\/v2\/pages\/152\/revisions"}],"predecessor-version":[{"id":157,"href":"https:\/\/www.sociedadcirugiaplasticaperu.com\/estetica\/wp-json\/wp\/v2\/pages\/152\/revisions\/157"}],"wp:attachment":[{"href":"https:\/\/www.sociedadcirugiaplasticaperu.com\/estetica\/wp-json\/wp\/v2\/media?parent=152"}],"curies":[{"name":"wp","href":"https:\/\/api.w.org\/{rel}","templated":true}]}}