{"id":136,"date":"2010-11-08T00:43:14","date_gmt":"2010-11-08T00:43:14","guid":{"rendered":"http:\/\/www.sociedadcirugiaplasticaperu.com\/estetica\/?page_id=136"},"modified":"2010-11-08T00:52:36","modified_gmt":"2010-11-08T00:52:36","slug":"procedimientos-solicitados-de-cirugia-estetica","status":"publish","type":"page","link":"https:\/\/www.sociedadcirugiaplasticaperu.com\/estetica\/procedimientos-solicitados-de-cirugia-estetica.htm","title":{"rendered":"Procedimientos Solicitados en la Cirugia Estetica"},"content":{"rendered":"<p>Este tipo de cirug\u00eda permite solucionar los problemas est\u00e9ticos en pacientes. Entre los procedimientos m\u00e1s comunes est\u00e1n:<\/p>\n<h2>Cirug\u00eda Est\u00e9tica  de Senos<\/h2>\n<ul>\n<li>Aumento de senos con implantes<\/li>\n<li>Levantamiento de senos<\/li>\n<\/ul>\n<h2>Procedimientos en Rostro y Cuello<\/h2>\n<ul>\n<li>Levantamiento de Rostro<\/li>\n<li>Levantamiento de Cuello<\/li>\n<li>Aplicaci\u00f3n de Botox<\/li>\n<li>Aumento de Labios<\/li>\n<li>Cirug\u00eda de Parpados o blefaroplastia<\/li>\n<li>Aplicaci\u00f3n de Grasa<\/li>\n<li>Rejuvenecimiento Facial<\/li>\n<\/ul>\n<h2>Procedimientos en Otras Partes del Cuerpo<\/h2>\n<ul>\n<li>Abdominoplastia<\/li>\n<li>Liposucci\u00f3n<\/li>\n<li>Levantamiento de Gl\u00fateos<\/li>\n<\/ul>\n","protected":false},"excerpt":{"rendered":"<p>Este tipo de cirug\u00eda permite solucionar los problemas est\u00e9ticos en pacientes. Entre los procedimientos m\u00e1s comunes est\u00e1n: Cirug\u00eda Est\u00e9tica de Senos Aumento de senos con implantes Levantamiento de senos Procedimientos en Rostro y Cuello Levantamiento de Rostro Levantamiento de Cuello Aplicaci\u00f3n de Botox Aumento de Labios Cirug\u00eda de Parpados o blefaroplastia Aplicaci\u00f3n de Grasa Rejuvenecimiento [&hellip;]<\/p>\n","protected":false},"author":3,"featured_media":0,"parent":0,"menu_order":0,"comment_status":"closed","ping_status":"open","template":"","meta":{"tdm_status":"","tdm_grid_status":"","footnotes":""},"class_list":["post-136","page","type-page","status-publish"],"_links":{"self":[{"href":"https:\/\/www.sociedadcirugiaplasticaperu.com\/estetica\/wp-json\/wp\/v2\/pages\/136","targetHints":{"allow":["GET"]}}],"collection":[{"href":"https:\/\/www.sociedadcirugiaplasticaperu.com\/estetica\/wp-json\/wp\/v2\/pages"}],"about":[{"href":"https:\/\/www.sociedadcirugiaplasticaperu.com\/estetica\/wp-json\/wp\/v2\/types\/page"}],"author":[{"embeddable":true,"href":"https:\/\/www.sociedadcirugiaplasticaperu.com\/estetica\/wp-json\/wp\/v2\/users\/3"}],"replies":[{"embeddable":true,"href":"https:\/\/www.sociedadcirugiaplasticaperu.com\/estetica\/wp-json\/wp\/v2\/comments?post=136"}],"version-history":[{"count":6,"href":"https:\/\/www.sociedadcirugiaplasticaperu.com\/estetica\/wp-json\/wp\/v2\/pages\/136\/revisions"}],"predecessor-version":[{"id":151,"href":"https:\/\/www.sociedadcirugiaplasticaperu.com\/estetica\/wp-json\/wp\/v2\/pages\/136\/revisions\/151"}],"wp:attachment":[{"href":"https:\/\/www.sociedadcirugiaplasticaperu.com\/estetica\/wp-json\/wp\/v2\/media?parent=136"}],"curies":[{"name":"wp","href":"https:\/\/api.w.org\/{rel}","templated":true}]}}